. What is u(-3)?
1
Let z(i) be the second derivative of i**5/20 + i**4/12 - i**3/6 - i**2 + i. Suppose n = 4*n - 60. Let g = 18 - n. Calculate z(g).
-4
Suppose 0 = 5*k - 0*k - 20. Suppose -n + k*p - 23 = -p, 5*n + p - 15 = 0. Let a(d) = 3*d + 5*d**2 + 5 - 4*d**n - 8. Give a(-3).
-3
Let p(k) = -k - 112 + 2*k - 8*k**2 + 111. Let r(y) = y**3 + 4*y**2 + 2*y - 3. Let j be r(-3). Suppose -2*g + 2 = -j. Give p(g).
-8
Suppose 5*q = 2*j - 18, j = 3*q + 15 - 6. Suppose 0 = -j*l + 13*l - 4. Let x(s) = 4*s**2 - s + 1. Give x(l).
4
Let m(k) = k**3 + 5*k**2 + 3*k - 2. Suppose 3*s - 5 + 32 = 0. Let w be 1 - (s + 3 + -3). Suppose -w*b = -5*b + 15. Give m(b).
7
Suppose -5*y - 5 + 45 = 0. Suppose 2*x = y*x. Let h(p) = x + 6 + 4*p - 5*p. Determine h(5).
1
Let n(a) be the second derivative of a**7/840 - 7*a**6/360 + 7*a**5/120 - a**4/4 - 13*a**3/6 + 32*a. Let m(x) be the second derivative of n(x). Determine m(6).
0
Let g = 2 - 1. Let r(k) be the first derivative of k**5/10 + k**4/6 - k**3/6 - 5*k + 11. Let d(f) be the first derivative of r(f). Give d(g).
3
Let r = -23 + 19. Let y(s) = -2*s**3 + 4*s**2 + 0*s**3 + 3 + 3*s**3. Give y(r).
3
Let g = 10 - 15. Let l(b) be the second derivative of -7*b**4/12 - 5*b**3/6 + 11*b - 2. Let n(p) = 5*p**2 + 5*p. Let f(k) = 2*l(k) + 3*n(k). Determine f(g).
0
Let m(x) = 6*x - 4. Let d(a) = 9*a - 8. Let v(u) = 3*d(u) - 5*m(u). Calculate v(-3).
5
Let n(o) = -o**2 - 6*o - 2. Let r(y) = y - 9. Let i be r(6). Let p be -5*(0 + i + 2). Let g = -10 + p. Give n(g).
3
Let s(h) = h**2 - 10. Suppose 0 = 5*l - 97 - 123. Suppose -2*j + 42 = 4*k, -3*j + l = -2*k + 5. Let i = -15 + j. What is s(i)?
-10
Let k(w) be the third derivative of 0 + 0*w + 24*w**2 - 5/6*w**3 + 0*w**5 + 1/120*w**6 + 0*w**4. Determine k(0).
-5
Let n(w) be the first derivative of -8*w**2 + 2 + 8 - 3 + 8. Calculate n(1).
-16
Suppose -2*x + 14 = 3*f, -3*f - 4 = -4*x + 6. Suppose -f*v + 2*t - 2 = 0, v - t = 2*v - 7. Let o(q) = -2*q - 2. Determine o(v).
-8
Let g = 6 - 1. Let t(c) = -4 - g*c**2 + 4 + 5 + c**3 + c - 2. Suppose -4*u = q - 9, -4*u - 4*q + 0*q = 0. What is t(u)?
-12
Let y(u) = u**3 + 3*u**2 - 7*u - 5. Suppose -4*k + 0*k + 19 = 5*h, -h - 4*k - 9 = 0. Suppose 3 = c + h. Determine y(c).
7
Let w(a) = -13*a**3 - a**2 + a + 1. Let p(n) = -n**2 - 2*n + 7. Let c be (-9)/(-6) + 4/8. Let y be p(c). Give w(y).
12
Let x be 1/((-1)/8)*(-60)/120. Let t(b) be the third derivative of -2/3*b**3 - b**2 + 0*b + 1/24*b**4 + 0. Determine t(x).
0
Let v(y) be the third derivative of 0 + 0*y - 9*y**2 + 1/6*y**4 + 0*y**3. Determine v(2).
8
Suppose -8 = 2*v - 4*v. Let o be (-1)/((-3)/30) - -3. Let h(l) = -6*l - 6*l + 4 + o*l. Determine h(v).
8
Let r(q) be the second derivative of -q**5/20 - q**4/12 - 11*q**2/2 - 6*q. Let n = -16 + 39. Let t = n + -23. Give r(t).
-11
Let t be ((-215784)/(-540))/((1 - 2)/(-5)). Let k(n) = -t*n - n**2 + 2005*n - 1 + 0*n**2. Give k(6).
5
Let u(s) = -s**2 - 3*s - 1. Let h(m) = m + 1. Let d be h(-4). Give u(d).
-1
Let b(a) = 2*a**3 - 11*a**2 + a + 22. Let m be b(5). Let g(z) = 4*z**3 - 4*z**2 + 2*z + 1. Determine g(m).
21
Let p(k) = 5 - 37*k - 2 - 54*k + 90*k. Let m(w) = w**2 + 6*w + 1. Let a be m(-7). Determine p(a).
-5
Let y(o) = -7*o - 2. Let r be y(-5). Suppose 4*t + 3*l + r = 3, 5*t + 53 = 4*l. Let x = -3 - t. Let a(m) = m**2 - 4*m - 3. Give a(x).
9
Let l(d) = -d**2 + 7. Let v be l(0). Suppose v*h = 5*h. Suppose -w + n - 5 = -h*n, -5*n + 23 = -4*w. Let s(t) = 2*t**2 + 3*t. Calculate s(w).
2
Let p(j) = j**3 - 15*j**2 - 15*j - 4. Let n be p(16). Let l(x) = x**3 - 11*x**2 - 11*x. What is l(n)?
12
Let n(m) = 5*m**3 - 6*m**2 - 3*m + 11. Let w(y) = -9*y**3 + 12*y**2 + 6*y - 21. Let v(g) = -11*n(g) - 6*w(g). What is v(-5)?
-5
Let u(y) = -y - 4. Let m(j) = -j - 2. Let z(x) = 7*m(x) - 4*u(x). Let h be z(1). Let s(o) = -12*o**2 + 2*o + 1. Determine s(h).
-13
Let h(i) = 4*i**2. Let x be h(-1). Suppose -64 = 4*q + 4*o, -3*o = -x*q - 45 - 12. Let v be 34/10 - (-6)/q. Let y(d) = -d + 2. Determine y(v).
-1
Let a(k) = -4*k**2 - k. Let g(i) = -3*i**2 + i. Let d(l) = -a(l) + g(l). Let u be (-6)/(4 + -1) + -1. Let o(q) = q - 1. Let t be o(u). Determine d(t).
8
Let z(w) be the first derivative of -2*w**3/3 + 15*w**2 + w + 53. Let q be z(15). Let v(k) be the second derivative of k**3/6 + k**2/2 - k. Determine v(q).
2
Let k(u) = 28*u + 23*u**2 - 70 + 19*u**2 - 41*u**2. What is k(-30)?
-10
Suppose 20*k + 6 = 23*k. Let r(j) = -3*j**k + 2*j**3 - 6 + 2 - 1 - j + 7. Suppose 0 = 2*s + 2 - 6. Calculate r(s).
4
Let j(x) = -x**2 - 8*x - 7. Let s be (7 - 2)*12/5. Suppose i + 0 = 10. Suppose i*t + s = 8*t. Give j(t).
5
Suppose 0 = 4*m + d + 16, -m + d + 3*d = 21. Let n(r) = 4*r - 1. Determine n(m).
-21
Let q(u) = 14*u**2 - 9*u - 17. Let s(z) = -5*z**2 + 3*z + 6. Let o(l) = 3*q(l) + 8*s(l). Determine o(-2).
11
Let p(i) = 47*i - 53*i - i**2 + 0 + 0*i**2 + 1 - 7. Let c be (-1 - -1) + (-4 - 2). Determine p(c).
-6
Let k(b) = 3*b**3 - 3*b**3 + 6*b**3 + 3*b**2 - 7*b**3 - 4 + 4*b. Determine k(4).
-4
Let k(j) = j**2 - j. Let y(p) = -10*p**2 + 6*p + 4. Let f(i) = -8*k(i) - y(i). Suppose 5 = -19*c - 52. Give f(c).
8
Let f(a) = a**3 + 4*a**2 - 6*a - 3. Suppose 3*j = 4*j + 12. Let z be ((-3)/(-3))/(((-5)/7)/5). Let c = j - z. What is f(c)?
2
Let o(y) = -1950*y + y**2 - 1964*y + 3922*y. Let v(k) = -3*k**2 - 1. Let p be v(1). Let q be -2 + 1*(-1 + p). Give o(q).
-7
Let u(k) = -5*k - 2. Let n(c) = c + 1. Suppose 0 = -13*o + 18*o - 5. Let s(b) = o*u(b) + n(b). Let q = -3 - -2. Calculate s(q).
3
Let h(z) be the first derivative of z**3/3 - 7*z**2/2 - 4*z - 122. Determine h(7).
-4
Let g(j) be the first derivative of -j**2/2 - 24*j + 613. What is g(-19)?
-5
Let d(w) = -w**2 - w + 7. Suppose 56 = -16*p + 20*p. Let m(u) = -u**3 + 15*u**2 - 14*u. Let a be m(p). Calculate d(a).
7
Let y = 1 - 1. Let n(i) be the third derivative of -i**6/120 + 5*i**2 - 10. Determine n(y).
0
Let v be (-158)/(-18) + (-10)/(-45). Suppose -3*k - v = 3*s, 0*s - 3*k - 14 = -2*s. Let u(z) = 3. Let h(y) = y + 4. Let m(i) = 4*h(i) - 5*u(i). Give m(s).
5
Let p(s) = -21 + 19 + 8 - s. Determine p(11).
-5
Suppose 14*x = 12*x - 216. Let y = 115 + x. Let u(g) = g**3 - 7*g**2 + 2*g - 6. Calculate u(y).
8
Suppose 27 = 3*p - 2*p. Let m = p - 20. Suppose 0 = -4*f - 5*n + 40, -f - n + 2 + m = 0. Let x(j) = j**3 - 4*j**2 - 4*j + 6. What is x(f)?
11
Let c(m) = 8*m + 1. Suppose -u - 4*u = 2*b - 158, -125 = -4*u - 3*b. Let z = -31 + u. Calculate c(z).
9
Suppose -17*g - 6*g + 138 = 0. Let r(t) = -3*t + 13. Give r(g).
-5
Let z(t) = -8*t - 5. Let o(h) = -5*h - 5. Let a(y) = -3*o(y) + 2*z(y). Determine a(-5).
10
Let q(f) = f**2 + 20*f - 10. Let k(v) = 4*v + 1. Let l(i) = k(i) - q(i). What is l(-17)?
-6
Let x(r) = 2 + 11 - 777*r - 776*r + 1558*r. Determine x(-5).
-12
Suppose 0 = n - 2. Let u(a) = 2 + 2 + n*a - 5. Suppose -581 = -3*y - 587. What is u(y)?
-5
Let w(j) = -j**2 + 6*j + 3. Suppose 2*i + n = 3, -17 = 2*i + 4*n + n. Suppose 0 = -i*x + 3*l + 12, -5 + 23 = x + 3*l. Give w(x).
3
Let h(f) = -3*f + 5 - 4 + 0*f. Let d(m) = -m + 1. Let o(j) = -2*d(j) + h(j). What is o(-7)?
6
Let u(i) = i**2 + i. Let w(q) = -9*q**2 + 6*q + 7. Let b(k) = 2*u(k) + w(k). Let z(p) = 13*p**2 - 15*p - 14. Let a(d) = 11*b(d) + 6*z(d). What is a(5)?
8
Let c(q) be the second derivative of -5*q**3/6 + 25*q**2 - 1008*q. Give c(8).
10
Let q(u) = -5*u**2 - 13*u + 9. Let b(c) = -6*c**2 - 15*c + 10. Let d(y) = -4*b(y) + 5*q(y). Calculate d(2).
-9
Let r be (5 - 9)/((-2)/3). Let w be ((-2)/r)/((-3)/(-9)). Let v(i) = -3*i**2. Let p be v(w). Let q(l) = -4*l - 2. What is q(p)?
10
Let n(d) = d**2 + 10. Let m(g) = g**2 - 7*g. Let i be m(6). Let p be (-1)/i + (-58)/(-12). Suppose p*l = -l. What is n(l)?
10
Suppose 11 = 5*f + 1. Let k(a) = a**2 - f*a - 710 - 4*a**2 + 713. What is k(2)?
-13
Let i(g) = -4*g - 5. Let h = -121 + 117. Calculate i(h).
11
Let c(f) = f**3 + 7*f**2 - 7*f + 7. Suppose 0 = -7*m - 77 + 21. Determine c(m).
-1
Let d(z) = 2*z**2 + 33*z + 12. Let h(a) = a**2 + 18*a + 6. Let f(c) = 6*d(c) - 11*h(c). Determine f(0).
6
Let u = 67 - 67. Suppose 5 + u = l. Let h(q) = -q**3 - 4*q + 6*q**2 + 0 + 2 + 0. Give h(l).
7
Let u(a) = a**2 - 8. Let w be u(4). Let l(c) = 0*c - w*c + 6*c. Let o = -5 + 1. Give l(o).
8
Let h be 1/((-12)/16 + 1). Let z(o) = 3*o**2 + o**3 + 16*o + h*o**2 + 6*o - 5 - 